320. Calculate m(-13).
-216
Let c(v) = -189*v + 21920. Give c(116).
-4
Let n(w) = -3*w**2 - 31*w - 28. What is n(-16)?
-300
Let w(q) = 16*q + 1956. Calculate w(-126).
-60
Let u(s) = 212*s + 46429. What is u(-219)?
1
Let h(r) = -12*r**3 + 948*r**2 - 11. What is h(79)?
-11
Let v(h) = h**3 - h**2 + 4*h - 4. Determine v(-3).
-52
Let d(c) = 304*c + 2682. Give d(-9).
-54
Let t(g) = -13995*g + 69971. What is t(5)?
-4
Let z(r) = -r**2 - 58*r + 1085. What is z(-74)?
-99
Let h(o) = -o**3 + 3*o**2 - o - 132. Give h(0).
-132
Let g(v) = -v**3 + v**2 + 4*v + 70. Determine g(0).
70
Let k(i) = -1765*i - 15881. Give k(-9).
4
Let u(k) = 388*k + 6978. Determine u(-18).
-6
Let j(o) = 81*o - 1132. Calculate j(14).
2
Let r(s) = 140*s + 3057. Determine r(-21).
117
Let g(t) = -t**3 + t**2 + 9*t - 11. Determine g(6).
-137
Let j(h) = -7*h + 147. Calculate j(22).
-7
Let h(q) = -q**3 - 4*q**2 - 106*q + 237. Give h(2).
1
Let d(o) = -10*o**3 - 31*o**2 + 11*o. What is d(-3)?
-42
Let g(p) = -p**3 + 197*p**2 - 275*p + 15477. What is g(196)?
-7
Let v(a) = 2*a**2 + 36*a - 77. Give v(-21).
49
Let m(i) = -767*i**2 + 98942*i + 138. Give m(129).
9
Let v(n) = n**2 + 5*n - 7593. Determine v(85).
57
Let o(h) = -2*h**2 + 93*h - 395. Give o(42).
-17
Let a(u) = 3*u**2 - 256*u + 61. What is a(85)?
-24
Let a(z) = -50*z**2 + 952*z - 28. What is a(19)?
10
Let z(s) = -2*s**3 + 2*s**2 + 13*s - 23. What is z(-5)?
212
Let o(y) = 245*y + 102164. What is o(-417)?
-1
Let c(g) = g**3 - 85*g**2 + 11*g - 955. Calculate c(85).
-20
Let r(i) = 119*i - 1543. Give r(13).
4
Let y(c) = 251*c + 1511. Calculate y(-6).
5
Let c(a) = 212*a + 11240. Calculate c(-53).
4
Let c(a) = -3*a**3 + 25*a**2 - 15*a + 291. Calculate c(9).
-6
Let j(s) = -2*s**3 + 37*s**2 - 36*s + 379. Give j(18).
55
Let b(d) = 65*d - 1553. Calculate b(24).
7
Let n(k) = 23*k - 303. Calculate n(13).
-4
Let p(a) = -13*a + 32. Calculate p(1).
19
Let y(p) = -110*p + 643. Give y(6).
-17
Let r(z) = 29*z + 32. What is r(-2)?
-26
Let k(v) = -v**3 - 49*v**2 - 41*v + 350. What is k(-48)?
14
Let r(j) = -241*j**2 - 53*j + 55. What is r(1)?
-239
Let m(x) = -2*x**3 - 35*x**2 + 16*x - 42. Give m(-18).
-6
Let g(a) = -652*a - 9772. Calculate g(-15).
8
Let s(j) = 32*j - 125. Determine s(21).
547
Let j(b) = -397*b + 409. Give j(1).
12
Let y(f) = f**2 - 4*f - 107. Determine y(16).
85
Let b(h) = -8*h**2 - 145*h - 226. Calculate b(-16).
46
Let y(t) = 137*t**3 + 2*t**2 + 6*t - 5. Determine y(1).
140
Let r(b) = -2129*b - 21243. What is r(-10)?
47
Let b(z) = -z**2 - 496*z + 4041. Give b(8).
9
Let k(u) = -3*u + 123. Determine k(32).
27
Let g(r) = -r**2 - 21*r - 38. Determine g(-18).
16
Let v(o) = 18*o**3 - o**2 - 2*o + 2. Determine v(-2).
-142
Let s(n) = 2467*n + 14793. Determine s(-6).
-9
Let z(j) = -242*j**2 - 16*j - 14. Give z(-1).
-240
Let s(v) = -99*v + 444. What is s(4)?
48
Let i(c) = -28*c - 9. Give i(-1).
19
Let n(j) = -j**3 + 30*j**2 - 218*j - 60. Determine n(17).
-9
Let c(f) = 4*f**2 + 6*f - 3. Give c(6).
177
Let k(s) = -47*s + 563. Calculate k(11).
46
Let d(h) = 4*h**2 + 99*h + 160. Determine d(-23).
-1
Let j(b) = b**3 + 38*b**2 - 22*b - 3385. What is j(-36)?
-1
Let z(w) = w**3 - w**2 + 17*w - 58. What is z(3)?
11
Let g(d) = d**3 + 41*d**2 - 86*d + 16. What is g(-43)?
16
Let a(p) = 3*p**2 + 68*p + 12. Give a(-9).
-357
Let v(s) = -s**2 + 65*s - 544. Calculate v(10).
6
Let j(n) = -234*n - 20818. Calculate j(-89).
8
Let q(y) = -437*y + 20101. What is q(46)?
-1
Let v(d) = 512*d + 1748. What is v(-3)?
212
Let l(q) = -17*q**2 + 4*q + 163. Determine l(-3).
-2
Let k(w) = 56*w + 95. What is k(-2)?
-17
Let m(t) = 10*t - 46. Give m(1).
-36
Let x(o) = -35*o**3 - 2*o**2 - 3*o - 3. What is x(-1)?
33
Let x(o) = -83*o - 800. Calculate x(-10).
30
Let f(s) = -s**3 - 17*s**2 + 3*s + 48. What is f(-17)?
-3
Let z(d) = 1717*d - 8585. Give z(5).
0
Let b(y) = y**3 + 10*y**2 + 26*y + 139. What is b(-9)?
-14
Let f(k) = 9*k**2 + 119*k - 37. Determine f(-8).
-413
Let t(z) = z**3 + 20*z**2 + 38*z + 367. Determine t(-19).
6
Let k(m) = -8*m**2 + 203*m + 194. Give k(26).
64
Let f(c) = -234*c + 2226. Determine f(9).
120
Let k(a) = -2*a**2 - 235*a + 462. Give k(2).
-16
Let g(j) = -j**3 + 5*j**2 + 20*j + 28. Give g(8).
-4
Let k(z) = 6*z + 91. Calculate k(17).
193
Let k(g) = g**3 - 19*g**2 - 93*g - 64. Give k(23).
-87
Let y(s) = -14*s**3 + 2*s - 1. Determine y(1).
-13
Let s(j) = -344*j**3 + 3*j - 5. What is s(1)?
-346
Let z(j) = -92*j + 833. Determine z(9).
5
Let y(n) = n**2 - 25*n - 37. What is y(26)?
-11
Let s(j) = -j**3 - 66*j**2 - 872*j - 380. Calculate s(-48).
4
Let d(i) = i**2 + 160*i - 1711. Determine d(10).
-11
Let x(t) = -3*t**3 - 2*t - 6. Give x(-2).
22
Let m(o) = 9*o - 67. Give m(9).
14
Let x(d) = -d**2 - 1044*d - 4157. What is x(-4)?
3
Let t(v) = v**2 + 104*v - 18319. Give t(93).
2
Let u(m) = 6*m**3 + 37*m**2 + 26*m + 90. Calculate u(-6).
-30
Let u(m) = -3*m**2 - 27*m - 265. What is u(-13)?
-421
Let j(w) = -2*w**3 - 25*w**2 - 9*w + 34. Determine j(-12).
-2
Let r(b) = -56*b + 513. Determine r(10).
-47
Let z(y) = y**3 - 89*y**2 - 1801*y + 10. Calculate z(-17).
-7
Let l(f) = f**2 + 25*f - 49. Determine l(-22).
-115
Let i(d) = -11*d**2 + 7*d - 11. Calculate i(5).
-251
Let r(h) = 174*h + 738. Calculate r(-6).
-306
Let q(m) = 685*m - 18502. Determine q(27).
-7
Let s(i) = i**3 - 41*i**2 + 414*i + 21. What is s(23)?
21
Let f(w) = -3*w**2 + 6*w + 773. Determine f(-15).
8
Let v(d) = 2*d**3 + 33*d**2 - 28*d - 85. Calculate v(-17).
102
Let s(r) = 229*r - 2971. Determine s(13).
6
Let b(t) = -3*t**3 - 20*t**2 - 251*t - 1440. Determine b(-6).
-6
Let r(h) = h**2 - 32*h + 112. What is r(31)?
81
Let h(l) = -l**3 + 12*l**2 + 236*l + 727. Determine h(-7).
6
Let g(v) = 19*v - 53. Determine g(2).
-15
Let s(v) = -9*v**2 + 345*v - 4. Give s(0).
-4
Let q(m) = m**3 - 48*m**2 - 101*m + 87. What is q(50)?
37
Let x(r) = r**2 + 16*r - 70. What is x(4)?
10
Let y(b) = -b**3 - 16*b**2 - 8*b + 63. Calculate y(-16).
191
Let r(z) = 1022*z + 17375. Determine r(-17).
1
Let q(x) = -4*x**3 - 8*x**2 + 15*x - 4. Give q(2).
-38
Let m(s) = 267*s + 273. What is m(-1)?
6
Let l(i) = i**3 + 30*i**2 + 105*i + 5. Calculate l(-4).
1
Let b(q) = 8*q**3 - 176*q**2 - 7*q + 240. Give b(22).
86
Let z(a) = 1319*a - 9232. Calculate z(7).
1
Let u(a) = a**3 - 72*a**2 + 198*a + 653. Calculate u(69).
32
Let m(g) = -2*g**3 - 73*g**2 - 43*g - 146. Give m(-36).
106
Let n(t) = -1139*t - 14815. Give n(-13).
-8
Let f(k) = 298*k - 227. Determine f(2).
369
Let f(z) = -5*z**3 + 186*z**2 + 346*z + 200. Give f(39).
5
Let c(n) = 106*n - 3598. Calculate c(34).
6
Let r(g) = -2*g**2 - 18*g - 14. Determine r(-5).
26
Let u(g) = 147*g - 447. Give u(8).
729
Let m(b) = b**2 - 16*b + 103. Determine m(10).
43
Let w(q) = 2*q**3 + 99*q**2 - 152*q + 52. What is w(-51)?
1
Let a(q) = -21*q**2 - 126*q - 15. Calculate a(-6).
-15
Let r(s) = -418*s - 4180. Calculate r(-10).
0
Let m(a) = 31*a - 721. Calculate m(23).
-8
Let x(n) = -n**3 + 14*n**2 + 43*n - 679. What is x(14)?
-77
Let z(f) = f**3 - 9*f**2 - 2*f + 70. Give z(8).
-10
Let o(n) = 10*n**2 + 16*n + 27. Give o(-3).
69
Let k(z) = 2*z**3 - 65*z**2 - 50*z + 126. Determine k(33).
-435
Let l(d) = 5*d**2 + 202*d - 1. Give l(-41).
122
Let v(l) = -l**3 - 2*l**2 + 177*l + 16. Give v(0).
16
Let q(l) = -1531*l - 7647. Give q(-5).
8
Let u(x) = -4*x**2 - 34*x - 17. Calculate u(-6).
43
Let l(s) = -593*s - 3865. Calculate l(-6).
-307
Let m(c) = -4*c**3 - 11*c**2 + 8*c + 18. Determine m(2).
-42
Let g(y) = 22*y**2 + 69*y + 18. Give g(-3).
9
Let p(j) = -17*j**2 - 242*j - 952. What is p(-4)?
-256
Let r(q) = -q**3 - 7*q**2 + 27*q + 155. Calculate r(-8).
3
Let u(i) = -9*i - 459. Calculate u(-43).
-72
Let y(g) = -231*g + 456. Calculate y(2).
-6
Let b(y) = -594*y**2 - 6538*y - 38. What is b(-11)?
6
Let f(o) = o**2 - 39*o + 10. Calculate f(0).
10
Let s(k) = k**2 - 89*k + 1723. What is s(61)?
15
Let f(v) = 5*v**2 - 237*v + 1222. What is f(5)?
162
Let c(z) = -3*z**3 + 38*z**2 - 14*z - 116. Give c(12).
4
Let c(y) = -y**2 + 35*y - 247. Determine c(21).
47
Let w(h) = -h**3 + 10*h**2 - 15*h - 16. Give w(8).
-8
Let k(o) = 6*o**2 + 61*o + 61. Calculate k(-1).
6
Let u(j) = 2*j**2 + j - 124. Determine u(-8).
-4
Let p(o) = -o**2 + 52*o - 684. Calculate p(23).
-17
Let s(k) = -2*k**3 - 41*k**2 + 257*k + 5545. Calculate s(-20).
5
Let o(x) = -453*x - 9